mon divisor of 11470 and 2969990.
370
What is the highest common factor of 272 and 47188940?
68
Calculate the greatest common divisor of 23370 and 8289510.
570
Calculate the greatest common divisor of 5877071 and 1208.
151
Calculate the highest common divisor of 12 and 95445564.
12
Calculate the greatest common factor of 839683042 and 5302.
5302
What is the highest common factor of 574661216 and 928?
928
What is the highest common divisor of 476 and 1323168?
28
What is the highest common factor of 6494729 and 3?
1
Calculate the greatest common divisor of 65 and 36065.
5
What is the highest common divisor of 246628026 and 2988?
1494
Calculate the greatest common divisor of 339 and 133398647.
113
Calculate the highest common factor of 38106636 and 12.
12
Calculate the greatest common divisor of 2229714 and 144.
18
Calculate the highest common factor of 25957281 and 14.
7
Calculate the highest common divisor of 104 and 1564303416.
104
What is the greatest common factor of 23168740 and 406756?
2044
What is the highest common factor of 17143 and 476098?
217
What is the highest common divisor of 46164248 and 884?
884
What is the highest common factor of 899 and 968657?
31
Calculate the highest common factor of 27040737 and 75387.
5799
Calculate the greatest common factor of 81144 and 310016.
56
Calculate the greatest common divisor of 644 and 5216722.
322
What is the highest common divisor of 42 and 770410340?
14
Calculate the greatest common factor of 2625 and 30045.
15
Calculate the greatest common divisor of 2275 and 17973865.
455
Calculate the greatest common divisor of 75 and 6490095.
15
What is the highest common divisor of 30132 and 724284?
1116
Calculate the greatest common divisor of 444 and 17518797.
111
What is the highest common divisor of 5973 and 71037975?
543
What is the greatest common factor of 1015660 and 2180?
20
What is the highest common factor of 2881 and 413617?
43
Calculate the greatest common divisor of 8484 and 743865.
303
What is the greatest common factor of 12795 and 36559580?
4265
Calculate the greatest common divisor of 39384608 and 352.
32
What is the greatest common factor of 1794 and 278717634?
1794
What is the highest common factor of 57 and 60064586?
19
What is the highest common divisor of 331413392 and 29?
29
Calculate the highest common factor of 10280 and 46460.
20
Calculate the greatest common factor of 15598577 and 1863.
23
What is the highest common divisor of 59 and 319489?
1
What is the greatest common factor of 804 and 8884602?
402
Calculate the highest common factor of 6360734 and 85752.
794
What is the highest common divisor of 279015 and 823695?
1335
What is the greatest common factor of 10832625 and 4155?
15
What is the highest common divisor of 2425 and 2934725?
25
What is the highest common divisor of 33877 and 22410527?
1783
Calculate the greatest common divisor of 1408126 and 3470.
694
What is the highest common divisor of 30856 and 20361712?
1624
What is the greatest common factor of 350145 and 99045?
1395
Calculate the greatest common factor of 3720 and 35601640.
1240
Calculate the greatest common factor of 10679 and 97055.
59
What is the greatest common factor of 1271433 and 101053?
139
Calculate the greatest common factor of 12653634 and 462.
42
What is the highest common factor of 75 and 722347125?
75
What is the highest common divisor of 171932 and 116?
4
Calculate the highest common divisor of 11241 and 95313.
3
What is the greatest common divisor of 4962 and 403838159?
827
What is the greatest common divisor of 375366 and 4008189?
2571
What is the highest common divisor of 30985642 and 9498?
3166
What is the highest common divisor of 8466 and 388572468?
8466
Calculate the greatest common divisor of 47614600 and 176.
88
What is the highest common factor of 2212 and 577556?
28
What is the greatest common divisor of 2565 and 348270?
285
What is the highest common factor of 269269 and 48334?
143
Calculate the highest common factor of 1493414 and 71994.
1846
What is the highest common divisor of 176 and 5633632?
16
What is the greatest common divisor of 5844213 and 5301?
279
Calculate the highest common factor of 22496800 and 36112.
976
What is the greatest common divisor of 160 and 27696880?
80
What is the greatest common divisor of 744 and 4323756?
372
What is the highest common factor of 433169 and 48389?
583
What is the highest common divisor of 259 and 206143?
7
Calculate the greatest common factor of 22904496 and 720.
144
What is the highest common factor of 12799 and 4717749797?
12799
What is the highest common divisor of 9 and 5177124?
9
What is the highest common divisor of 106288 and 416?
208
Calculate the greatest common factor of 320 and 2097776.
16
What is the highest common factor of 142 and 166432946?
142
What is the highest common divisor of 122926310 and 455?
65
What is the greatest common factor of 2860 and 13850760?
220
What is the highest common divisor of 7201 and 8718137?
379
What is the highest common factor of 2703 and 643087849?
901
Calculate the highest common divisor of 123130203 and 114.
57
Calculate the greatest common divisor of 61476694 and 1566.
58
What is the highest common divisor of 1339560 and 23790?
1830
Calculate the greatest common divisor of 155634516 and 1203.
1203
Calculate the highest common divisor of 536751839 and 13.
13
What is the greatest common divisor of 405 and 4621350?
15
Calculate the highest common divisor of 9510 and 11443700.
3170
Calculate the greatest common divisor of 24816 and 3646896.
528
Calculate the highest common factor of 631095696 and 392.
392
Calculate the greatest common factor of 5578448 and 16048.
272
What is the greatest common divisor of 181656 and 47589?
87
What is the highest common divisor of 52878 and 4046?
14
Calculate the highest common divisor of 576 and 176259072.
192
What is the highest common divisor of 288014 and 971210?
6698
Calculate the highest common factor of 865369 and 16997.
739
What is the highest common factor of 2128 and 2731792?
112
What is the greatest common divisor of 1360545978 and 6?
6
What is the highest common divisor of 1793 and 2204249?
163
Calculate the highest common factor of 154528340 and 1093.
1093
What is the greatest common divisor of 413 and 13553303?
59
What is the highest common divisor of 344189600 and 320?
160
Calculate the highest common factor of 710 and 652987.
71
What is the highest common factor of 58999 and 4663799?
1439
What is the greatest common divisor of 811 and 148486801?
811
What is the greatest common factor of 42585007 and 301?
43
What is the greatest common divisor of 2829 and 589785?
123
Calculate the greatest common divisor of 33414131 and 2245.
449
Calculate the highest common divisor of 1098155 and 36895.
235
Calculate the greatest common factor of 5 and 22561460.
5
What is the greatest common divisor of 95 and 88087135?
95
Calculate the greatest common factor of 81718096 and 64.
16
Calculate the greatest common divisor of 8406790 and 20.
10
What is the greatest common divisor of 1323 and 9936?
27
Calculate the greatest common divisor of 852 and 112730676.
852
Calculate the highest common factor of 1169 and 291046.
7
Calculate the highest common divisor of 27 and 8029179.
27
Calculate the greatest common factor of 5 and 1188782.
1
What is the greatest common divisor of 2581491 and 352?
11
Calculate the highest common factor of 63303404 and 8636.
508
Calculate the highest common divisor of 600 and 73218150.
150
What is the greatest common factor of 142 and 36671074?
142
What is the highest common divisor of 38847303 and 3?
3
Calculate the greatest common factor of 423 and 457780.
47
What is the greatest common divisor of 8586383 and 6627?
2209
What is the greatest common divisor of 5976930 and 150?
30
What is the highest common factor of 338246 and 36994?
106
What is the highest common divisor of 288 and 697600?
32
Calculate the greatest common divisor of 1927758 and 42.
42
Calculate the highest common divisor of 2376 and 23572296.
2376
What is the greatest common divisor of 4043729365 and 9259?
9259
What is the greatest common divisor of 675 and 55285?
5
What is the highest common factor of 10 and 1076815510?
10
What is the greatest common factor of 26847